{"id":6701,"date":"2024-11-22T14:45:42","date_gmt":"2024-11-22T13:45:42","guid":{"rendered":"https:\/\/www.cpmn.info\/boutique\/pricing\/"},"modified":"2024-11-22T14:55:34","modified_gmt":"2024-11-22T13:55:34","slug":"pricing","status":"publish","type":"page","link":"https:\/\/www.cpmn.info\/boutique\/pricing\/","title":{"rendered":"Pricing"},"content":{"rendered":"\r\n<div class=\"wp-block-columns alignwide pms-pt-gap is-layout-flex wp-container-core-columns-is-layout-d2da2050 wp-block-columns-is-layout-flex\" style=\"margin-bottom: 0;\">\r\n<div class=\"wp-block-column has-border-color pms-pt-border-1 pms-pt-card-1 is-layout-constrained wp-container-core-column-is-layout-23b1a4dc wp-block-column-is-layout-constrained\" style=\"border-color: #7a838b; border-width: 2px; padding: var(--wp--preset--spacing--30);\">\r\n<h2 class=\"pms-pt-text-title wp-block-heading has-text-align-center has-text-color\" style=\"color: #7a838b; font-style: normal; font-weight: 500;\">CPMN 2025 &#8211; Quatre versements de 100 \u20ac<\/h2>\r\n\r\n\r\n\r\n<h3 class=\"pms-pt-text-price wp-block-heading has-text-align-center has-text-color\" style=\"color: #7a838b;\">100\u20ac<span class=\"pms-pt-text-duration\"><span class=\"pms-divider\"> \/ <\/span><span class=\"pms-subscription-plan-duration\">3 Mois<\/span><\/span><\/h3>\r\n\r\n\r\n\r\n<p>La cotisation sera r\u00e9gl\u00e9e en quatre mensualit\u00e9s de 100 \u20ac chacune.<\/p>\r\n<div class=\"wp-block-buttons pms-pt-button-column-1\">\r\n<div class=\"wp-block-button has-custom-width wp-block-button__width-75 is-style-outline\"><a class=\"wp-block-button__link has-text-align-center wp-element-button\" style=\"border-radius: 0px;\" href=\"https:\/\/www.cpmn.info\/boutique\/register\/?subscription_plan=6693&amp;single_plan=yes\"><strong>Choisir\u00a0<\/strong><\/a><\/div>\r\n<\/div>\r\n<\/div>\r\n\r\n\r\n\r\n<div class=\"wp-block-column has-border-color pms-pt-border-2 pms-pt-card-2 is-layout-constrained wp-container-core-column-is-layout-23b1a4dc wp-block-column-is-layout-constrained\" style=\"border-color: #d7b045; border-width: 2px; padding: var(--wp--preset--spacing--30);\">\r\n<h2 class=\"pms-pt-text-title wp-block-heading has-text-align-center has-text-color\" style=\"color: #d7b045; font-style: normal; font-weight: 500;\">CPMN 2025 &#8211; Cinq versements de 80 \u20ac<\/h2>\r\n\r\n\r\n\r\n<h3 class=\"pms-pt-text-price wp-block-heading has-text-align-center has-text-color\" style=\"color: #d7b045;\">80\u20ac<span class=\"pms-pt-text-duration\"><span class=\"pms-divider\"> \/ <\/span><span class=\"pms-subscription-plan-duration\">4 Mois<\/span><\/span><\/h3>\r\n\r\n\r\n\r\n<p>Votre cotisation sera r\u00e9gl\u00e9e en cinq mensualit\u00e9s de 80 \u20ac\u00a0 chacune.\u00a0<\/p>\r\n\r\n\r\n\r\n<div class=\"wp-block-buttons pms-pt-button-column-2 is-content-justification-center is-layout-flex wp-container-core-buttons-is-layout-098cc607 wp-block-buttons-is-layout-flex\">\r\n<div class=\"wp-block-button has-custom-width wp-block-button__width-75 is-style-outline is-style-outline--1\"><a class=\"wp-block-button__link has-text-align-center wp-element-button\" style=\"border-radius: 0px;\" href=\"https:\/\/www.cpmn.info\/boutique\/register\/?subscription_plan=6696&amp;single_plan=yes\"><strong>Choisir<\/strong><\/a><\/div>\r\n<\/div>\r\n<\/div>\r\n\r\n\r\n\r\n<div class=\"wp-block-column has-border-color pms-pt-border-1 pms-pt-card-3 is-layout-constrained wp-container-core-column-is-layout-23b1a4dc wp-block-column-is-layout-constrained\" style=\"border-color: #6eb096; border-width: 2px; padding: var(--wp--preset--spacing--30);\">\r\n<h2 class=\"pms-pt-text-title wp-block-heading has-text-align-center has-text-color\" style=\"color: #6eb096; font-style: normal; font-weight: 500;\">CPMN 2025 &#8211; Huit versements de 50 \u20ac<\/h2>\r\n\r\n\r\n\r\n<h3 class=\"pms-pt-text-price wp-block-heading has-text-align-center has-text-color\" style=\"color: #6eb096;\">50\u20ac<span class=\"pms-pt-text-duration\"><span class=\"pms-divider\"> \/ <\/span><span class=\"pms-subscription-plan-duration\">7 Mois<\/span><\/span><\/h3>\r\n\r\n\r\n\r\n<p>Votre cotisation sera r\u00e9gl\u00e9e en huit mensualit\u00e9s de 50\u00a0\u20ac chacune.<\/p>\r\n<p>&nbsp;<\/p>\r\n\r\n\r\n \r\n\r\n\r\n<div class=\"wp-block-buttons pms-pt-button-column-1 is-content-justification-center is-layout-flex wp-container-core-buttons-is-layout-a89b3969 wp-block-buttons-is-layout-flex\">\r\n<div class=\"wp-block-button has-custom-width wp-block-button__width-75 is-style-outline is-style-outline--2\"><a class=\"wp-block-button__link has-text-align-center wp-element-button\" style=\"border-radius: 0px;\" href=\"https:\/\/www.cpmn.info\/boutique\/register\/?subscription_plan=6697&amp;single_plan=yes\"><strong>Choisir<\/strong><\/a><\/div>\r\n<\/div>\r\n<\/div>\r\n<\/div>\r\n<!-- \/wp:post-content -->","protected":false},"excerpt":{"rendered":"<p>CPMN 2025 &#8211; Quatre versements de 100 \u20ac 100\u20ac \/ 3 Mois La cotisation sera r\u00e9gl\u00e9e en quatre mensualit\u00e9s de 100 \u20ac chacune. Choisir\u00a0 CPMN 2025 &#8211; Cinq versements de 80 \u20ac 80\u20ac \/ 4 Mois Votre cotisation sera r\u00e9gl\u00e9e en cinq mensualit\u00e9s de 80 \u20ac\u00a0 chacune.\u00a0 CPMN 2025 &#8211; Huit versements de 50 \u20ac [&hellip;]<\/p>\n","protected":false},"author":1,"featured_media":0,"parent":0,"menu_order":0,"comment_status":"closed","ping_status":"closed","template":"","meta":{"pmpro_default_level":"","footnotes":""},"class_list":["post-6701","page","type-page","status-publish","hentry","pmpro-has-access"],"yoast_head":"<!-- This site is optimized with the Yoast SEO plugin v27.5 - https:\/\/yoast.com\/product\/yoast-seo-wordpress\/ -->\n<title>Pricing - La boutique CPMN<\/title>\n<meta name=\"robots\" content=\"index, follow, max-snippet:-1, max-image-preview:large, max-video-preview:-1\" \/>\n<link rel=\"canonical\" href=\"https:\/\/www.cpmn.info\/boutique\/pricing\/\" \/>\n<meta property=\"og:locale\" content=\"fr_FR\" \/>\n<meta property=\"og:type\" content=\"article\" \/>\n<meta property=\"og:title\" content=\"Pricing - La boutique CPMN\" \/>\n<meta property=\"og:description\" content=\"CPMN 2025 &#8211; Quatre versements de 100 \u20ac 100\u20ac \/ 3 Mois La cotisation sera r\u00e9gl\u00e9e en quatre mensualit\u00e9s de 100 \u20ac chacune. Choisir\u00a0 CPMN 2025 &#8211; Cinq versements de 80 \u20ac 80\u20ac \/ 4 Mois Votre cotisation sera r\u00e9gl\u00e9e en cinq mensualit\u00e9s de 80 \u20ac\u00a0 chacune.\u00a0 CPMN 2025 &#8211; Huit versements de 50 \u20ac [&hellip;]\" \/>\n<meta property=\"og:url\" content=\"https:\/\/www.cpmn.info\/boutique\/pricing\/\" \/>\n<meta property=\"og:site_name\" content=\"La boutique CPMN\" \/>\n<meta property=\"article:modified_time\" content=\"2024-11-22T13:55:34+00:00\" \/>\n<meta name=\"twitter:label1\" content=\"Dur\u00e9e de lecture estim\u00e9e\" \/>\n\t<meta name=\"twitter:data1\" content=\"1 minute\" \/>\n<script type=\"application\/ld+json\" class=\"yoast-schema-graph\">{\"@context\":\"https:\\\/\\\/schema.org\",\"@graph\":[{\"@type\":\"WebPage\",\"@id\":\"https:\\\/\\\/www.cpmn.info\\\/boutique\\\/pricing\\\/\",\"url\":\"https:\\\/\\\/www.cpmn.info\\\/boutique\\\/pricing\\\/\",\"name\":\"Pricing - La boutique CPMN\",\"isPartOf\":{\"@id\":\"https:\\\/\\\/www.cpmn.info\\\/boutique\\\/#website\"},\"datePublished\":\"2024-11-22T13:45:42+00:00\",\"dateModified\":\"2024-11-22T13:55:34+00:00\",\"breadcrumb\":{\"@id\":\"https:\\\/\\\/www.cpmn.info\\\/boutique\\\/pricing\\\/#breadcrumb\"},\"inLanguage\":\"fr-FR\",\"potentialAction\":[{\"@type\":\"ReadAction\",\"target\":[\"https:\\\/\\\/www.cpmn.info\\\/boutique\\\/pricing\\\/\"]}]},{\"@type\":\"BreadcrumbList\",\"@id\":\"https:\\\/\\\/www.cpmn.info\\\/boutique\\\/pricing\\\/#breadcrumb\",\"itemListElement\":[{\"@type\":\"ListItem\",\"position\":1,\"name\":\"Accueil\",\"item\":\"https:\\\/\\\/www.cpmn.info\\\/boutique\\\/\"},{\"@type\":\"ListItem\",\"position\":2,\"name\":\"Pricing\"}]},{\"@type\":\"WebSite\",\"@id\":\"https:\\\/\\\/www.cpmn.info\\\/boutique\\\/#website\",\"url\":\"https:\\\/\\\/www.cpmn.info\\\/boutique\\\/\",\"name\":\"La boutique CPMN\",\"description\":\"La boutique des m\u00e9diateurs professionnels\",\"publisher\":{\"@id\":\"https:\\\/\\\/www.cpmn.info\\\/boutique\\\/#organization\"},\"potentialAction\":[{\"@type\":\"SearchAction\",\"target\":{\"@type\":\"EntryPoint\",\"urlTemplate\":\"https:\\\/\\\/www.cpmn.info\\\/boutique\\\/?s={search_term_string}\"},\"query-input\":{\"@type\":\"PropertyValueSpecification\",\"valueRequired\":true,\"valueName\":\"search_term_string\"}}],\"inLanguage\":\"fr-FR\"},{\"@type\":\"Organization\",\"@id\":\"https:\\\/\\\/www.cpmn.info\\\/boutique\\\/#organization\",\"name\":\"La boutique CPMN\",\"url\":\"https:\\\/\\\/www.cpmn.info\\\/boutique\\\/\",\"logo\":{\"@type\":\"ImageObject\",\"inLanguage\":\"fr-FR\",\"@id\":\"https:\\\/\\\/www.cpmn.info\\\/boutique\\\/#\\\/schema\\\/logo\\\/image\\\/\",\"url\":\"https:\\\/\\\/www.cpmn.info\\\/boutique\\\/wp-content\\\/uploads\\\/2023\\\/11\\\/cropped-cropped-Logo-site-CPMN-boutique.png\",\"contentUrl\":\"https:\\\/\\\/www.cpmn.info\\\/boutique\\\/wp-content\\\/uploads\\\/2023\\\/11\\\/cropped-cropped-Logo-site-CPMN-boutique.png\",\"width\":354,\"height\":219,\"caption\":\"La boutique CPMN\"},\"image\":{\"@id\":\"https:\\\/\\\/www.cpmn.info\\\/boutique\\\/#\\\/schema\\\/logo\\\/image\\\/\"}}]}<\/script>\n<!-- \/ Yoast SEO plugin. -->","yoast_head_json":{"title":"Pricing - La boutique CPMN","robots":{"index":"index","follow":"follow","max-snippet":"max-snippet:-1","max-image-preview":"max-image-preview:large","max-video-preview":"max-video-preview:-1"},"canonical":"https:\/\/www.cpmn.info\/boutique\/pricing\/","og_locale":"fr_FR","og_type":"article","og_title":"Pricing - La boutique CPMN","og_description":"CPMN 2025 &#8211; Quatre versements de 100 \u20ac 100\u20ac \/ 3 Mois La cotisation sera r\u00e9gl\u00e9e en quatre mensualit\u00e9s de 100 \u20ac chacune. Choisir\u00a0 CPMN 2025 &#8211; Cinq versements de 80 \u20ac 80\u20ac \/ 4 Mois Votre cotisation sera r\u00e9gl\u00e9e en cinq mensualit\u00e9s de 80 \u20ac\u00a0 chacune.\u00a0 CPMN 2025 &#8211; Huit versements de 50 \u20ac [&hellip;]","og_url":"https:\/\/www.cpmn.info\/boutique\/pricing\/","og_site_name":"La boutique CPMN","article_modified_time":"2024-11-22T13:55:34+00:00","twitter_misc":{"Dur\u00e9e de lecture estim\u00e9e":"1 minute"},"schema":{"@context":"https:\/\/schema.org","@graph":[{"@type":"WebPage","@id":"https:\/\/www.cpmn.info\/boutique\/pricing\/","url":"https:\/\/www.cpmn.info\/boutique\/pricing\/","name":"Pricing - La boutique CPMN","isPartOf":{"@id":"https:\/\/www.cpmn.info\/boutique\/#website"},"datePublished":"2024-11-22T13:45:42+00:00","dateModified":"2024-11-22T13:55:34+00:00","breadcrumb":{"@id":"https:\/\/www.cpmn.info\/boutique\/pricing\/#breadcrumb"},"inLanguage":"fr-FR","potentialAction":[{"@type":"ReadAction","target":["https:\/\/www.cpmn.info\/boutique\/pricing\/"]}]},{"@type":"BreadcrumbList","@id":"https:\/\/www.cpmn.info\/boutique\/pricing\/#breadcrumb","itemListElement":[{"@type":"ListItem","position":1,"name":"Accueil","item":"https:\/\/www.cpmn.info\/boutique\/"},{"@type":"ListItem","position":2,"name":"Pricing"}]},{"@type":"WebSite","@id":"https:\/\/www.cpmn.info\/boutique\/#website","url":"https:\/\/www.cpmn.info\/boutique\/","name":"La boutique CPMN","description":"La boutique des m\u00e9diateurs professionnels","publisher":{"@id":"https:\/\/www.cpmn.info\/boutique\/#organization"},"potentialAction":[{"@type":"SearchAction","target":{"@type":"EntryPoint","urlTemplate":"https:\/\/www.cpmn.info\/boutique\/?s={search_term_string}"},"query-input":{"@type":"PropertyValueSpecification","valueRequired":true,"valueName":"search_term_string"}}],"inLanguage":"fr-FR"},{"@type":"Organization","@id":"https:\/\/www.cpmn.info\/boutique\/#organization","name":"La boutique CPMN","url":"https:\/\/www.cpmn.info\/boutique\/","logo":{"@type":"ImageObject","inLanguage":"fr-FR","@id":"https:\/\/www.cpmn.info\/boutique\/#\/schema\/logo\/image\/","url":"https:\/\/www.cpmn.info\/boutique\/wp-content\/uploads\/2023\/11\/cropped-cropped-Logo-site-CPMN-boutique.png","contentUrl":"https:\/\/www.cpmn.info\/boutique\/wp-content\/uploads\/2023\/11\/cropped-cropped-Logo-site-CPMN-boutique.png","width":354,"height":219,"caption":"La boutique CPMN"},"image":{"@id":"https:\/\/www.cpmn.info\/boutique\/#\/schema\/logo\/image\/"}}]}},"_links":{"self":[{"href":"https:\/\/www.cpmn.info\/boutique\/wp-json\/wp\/v2\/pages\/6701","targetHints":{"allow":["GET"]}}],"collection":[{"href":"https:\/\/www.cpmn.info\/boutique\/wp-json\/wp\/v2\/pages"}],"about":[{"href":"https:\/\/www.cpmn.info\/boutique\/wp-json\/wp\/v2\/types\/page"}],"author":[{"embeddable":true,"href":"https:\/\/www.cpmn.info\/boutique\/wp-json\/wp\/v2\/users\/1"}],"replies":[{"embeddable":true,"href":"https:\/\/www.cpmn.info\/boutique\/wp-json\/wp\/v2\/comments?post=6701"}],"version-history":[{"count":2,"href":"https:\/\/www.cpmn.info\/boutique\/wp-json\/wp\/v2\/pages\/6701\/revisions"}],"predecessor-version":[{"id":6702,"href":"https:\/\/www.cpmn.info\/boutique\/wp-json\/wp\/v2\/pages\/6701\/revisions\/6702"}],"wp:attachment":[{"href":"https:\/\/www.cpmn.info\/boutique\/wp-json\/wp\/v2\/media?parent=6701"}],"curies":[{"name":"wp","href":"https:\/\/api.w.org\/{rel}","templated":true}]}}