{"id":4906,"date":"2022-09-04T16:53:08","date_gmt":"2022-09-04T15:53:08","guid":{"rendered":"https:\/\/cpmn.info\/boutique\/?post_type=product&#038;p=4906"},"modified":"2024-11-27T08:00:59","modified_gmt":"2024-11-27T07:00:59","slug":"a-partir-de-10-e","status":"publish","type":"product","link":"https:\/\/www.cpmn.info\/boutique\/produit\/a-partir-de-10-e\/","title":{"rendered":"Coll\u00e8ge des amis de la M\u00e9diation Professionnelle"},"content":{"rendered":"<p><strong>LES AMIS DE LA M\u00c9DIATION<\/strong><\/p>\n<p>Le coll\u00e8ge de ceux qui soutiennent la CPMN<\/p>\n<p>Parce qu\u2019adh\u00e9rer au projet de l\u2019entente et le soutenir peut concerner tout un chacun au-del\u00e0 des m\u00e9diateurs professionnels, la CPMN a d\u00e9cid\u00e9 de cr\u00e9er le Coll\u00e8ge des Amis de la M\u00e9diation. Ce coll\u00e8ge a pour but d\u2019accueillir des personnes physiques ou morales qui \u00e0 divers titres souhaitent soutenir la promotion de la qualit\u00e9 relationnelle, de la m\u00e9diation professionnelle et finalement le nouveau paradigme de l\u2019entente.<\/p>\n<p>Membre bienfaiteur*, ambassadeur **, contributeur***, chacun peut d\u00e9sormais trouver la place et le niveau de contribution qui lui convient\u00a0au sein de la CPMN. N\u2019h\u00e9sitez pas \u00e0 en parler au sein de vos organisations et de vos entreprises.<\/p>\n<p>*Toutes personnes physiques ou morales souhaitant soutenir la CPMN par le biais d\u2019une souscription. Le versement de cette derni\u00e8re n\u2019ouvre pas de droit au statut de membre actif.<\/p>\n<p>**Toutes personnes, titulaires du CAP\u2019M, qui pour des raisons diverses ont cess\u00e9 d\u2019\u00eatre membres actifs, mais qui de par leur exp\u00e9rience et savoir-faire, souhaitent porter la voix de la M\u00e9diation Professionnelle sans pour autant exercer. Chaque candidature au titre d\u2019Ambassadeur sera propos\u00e9e par le Bureau et approuv\u00e9e par le Conseil d\u2019Administration.<\/p>\n<p>***Chaque \u00e9l\u00e8ve inscrit \u00e0 L\u2019Ecole Professionnelle de la M\u00e9diation et de la N\u00e9gociation (EPMN) sur le cursus du CAP\u2019M, peut sur simple demande pr\u00e9sent\u00e9e au Bureau, b\u00e9n\u00e9ficier du statut de membre contributeur jusqu\u2019\u00e0 obtention de leur certification. Ce statut n\u2019ouvre pas droit au statut de membre actif.<\/p>\n","protected":false},"excerpt":{"rendered":"<p>LES AMIS DE LA M\u00c9DIATION Le coll\u00e8ge de ceux qui soutiennent la CPMN Parce qu\u2019adh\u00e9rer au projet de l\u2019entente et le soutenir peut concerner tout un chacun au-del\u00e0 des m\u00e9diateurs professionnels, la CPMN a d\u00e9cid\u00e9 de cr\u00e9er le Coll\u00e8ge des Amis de la M\u00e9diation. Ce coll\u00e8ge a pour but d\u2019accueillir des personnes physiques ou morales [&hellip;]<\/p>\n","protected":false},"featured_media":6375,"comment_status":"closed","ping_status":"closed","template":"","meta":{"pmpro_default_level":""},"product_brand":[],"product_cat":[13],"product_tag":[55,56,58],"class_list":{"0":"post-4906","1":"product","2":"type-product","3":"status-publish","4":"has-post-thumbnail","6":"product_cat-adhesion-cpmn","7":"product_tag-ambassadeur","8":"product_tag-contributeur","9":"product_tag-membre-bienfaiteur-2025","10":"pmpro-has-access","12":"first","13":"instock","14":"virtual","15":"sold-individually","16":"purchasable","17":"product-type-donation"},"yoast_head":"<!-- This site is optimized with the Yoast SEO plugin v27.6 - https:\/\/yoast.com\/product\/yoast-seo-wordpress\/ -->\n<title>Coll\u00e8ge des amis de la M\u00e9diation Professionnelle - La boutique CPMN<\/title>\n<meta name=\"robots\" content=\"index, follow, max-snippet:-1, max-image-preview:large, max-video-preview:-1\" \/>\n<link rel=\"canonical\" href=\"https:\/\/www.cpmn.info\/boutique\/produit\/a-partir-de-10-e\/\" \/>\n<meta property=\"og:locale\" content=\"fr_FR\" \/>\n<meta property=\"og:type\" content=\"article\" \/>\n<meta property=\"og:title\" content=\"Coll\u00e8ge des amis de la M\u00e9diation Professionnelle - La boutique CPMN\" \/>\n<meta property=\"og:description\" content=\"LES AMIS DE LA M\u00c9DIATION Le coll\u00e8ge de ceux qui soutiennent la CPMN Parce qu\u2019adh\u00e9rer au projet de l\u2019entente et le soutenir peut concerner tout un chacun au-del\u00e0 des m\u00e9diateurs professionnels, la CPMN a d\u00e9cid\u00e9 de cr\u00e9er le Coll\u00e8ge des Amis de la M\u00e9diation. Ce coll\u00e8ge a pour but d\u2019accueillir des personnes physiques ou morales [&hellip;]\" \/>\n<meta property=\"og:url\" content=\"https:\/\/www.cpmn.info\/boutique\/produit\/a-partir-de-10-e\/\" \/>\n<meta property=\"og:site_name\" content=\"La boutique CPMN\" \/>\n<meta property=\"article:modified_time\" content=\"2024-11-27T07:00:59+00:00\" \/>\n<meta property=\"og:image\" content=\"https:\/\/www.cpmn.info\/boutique\/wp-content\/uploads\/2022\/09\/Page-web-CPMN-23-1024x1018.png\" \/>\n\t<meta property=\"og:image:width\" content=\"1024\" \/>\n\t<meta property=\"og:image:height\" content=\"1018\" \/>\n\t<meta property=\"og:image:type\" content=\"image\/png\" \/>\n<meta name=\"twitter:label1\" content=\"Dur\u00e9e de lecture estim\u00e9e\" \/>\n\t<meta name=\"twitter:data1\" content=\"2 minutes\" \/>\n<script type=\"application\/ld+json\" class=\"yoast-schema-graph\">{\"@context\":\"https:\\\/\\\/schema.org\",\"@graph\":[{\"@type\":\"WebPage\",\"@id\":\"https:\\\/\\\/www.cpmn.info\\\/boutique\\\/produit\\\/a-partir-de-10-e\\\/\",\"url\":\"https:\\\/\\\/www.cpmn.info\\\/boutique\\\/produit\\\/a-partir-de-10-e\\\/\",\"name\":\"Coll\u00e8ge des amis de la M\u00e9diation Professionnelle - La boutique CPMN\",\"isPartOf\":{\"@id\":\"https:\\\/\\\/www.cpmn.info\\\/boutique\\\/#website\"},\"primaryImageOfPage\":{\"@id\":\"https:\\\/\\\/www.cpmn.info\\\/boutique\\\/produit\\\/a-partir-de-10-e\\\/#primaryimage\"},\"image\":{\"@id\":\"https:\\\/\\\/www.cpmn.info\\\/boutique\\\/produit\\\/a-partir-de-10-e\\\/#primaryimage\"},\"thumbnailUrl\":\"https:\\\/\\\/www.cpmn.info\\\/boutique\\\/wp-content\\\/uploads\\\/2022\\\/09\\\/Page-web-CPMN-23.png\",\"datePublished\":\"2022-09-04T15:53:08+00:00\",\"dateModified\":\"2024-11-27T07:00:59+00:00\",\"breadcrumb\":{\"@id\":\"https:\\\/\\\/www.cpmn.info\\\/boutique\\\/produit\\\/a-partir-de-10-e\\\/#breadcrumb\"},\"inLanguage\":\"fr-FR\",\"potentialAction\":[{\"@type\":\"ReadAction\",\"target\":[\"https:\\\/\\\/www.cpmn.info\\\/boutique\\\/produit\\\/a-partir-de-10-e\\\/\"]}]},{\"@type\":\"ImageObject\",\"inLanguage\":\"fr-FR\",\"@id\":\"https:\\\/\\\/www.cpmn.info\\\/boutique\\\/produit\\\/a-partir-de-10-e\\\/#primaryimage\",\"url\":\"https:\\\/\\\/www.cpmn.info\\\/boutique\\\/wp-content\\\/uploads\\\/2022\\\/09\\\/Page-web-CPMN-23.png\",\"contentUrl\":\"https:\\\/\\\/www.cpmn.info\\\/boutique\\\/wp-content\\\/uploads\\\/2022\\\/09\\\/Page-web-CPMN-23.png\",\"width\":1087,\"height\":1081},{\"@type\":\"BreadcrumbList\",\"@id\":\"https:\\\/\\\/www.cpmn.info\\\/boutique\\\/produit\\\/a-partir-de-10-e\\\/#breadcrumb\",\"itemListElement\":[{\"@type\":\"ListItem\",\"position\":1,\"name\":\"Accueil\",\"item\":\"https:\\\/\\\/www.cpmn.info\\\/boutique\\\/\"},{\"@type\":\"ListItem\",\"position\":2,\"name\":\"Boutique\",\"item\":\"https:\\\/\\\/www.cpmn.info\\\/boutique\\\/boutique\\\/\"},{\"@type\":\"ListItem\",\"position\":3,\"name\":\"Coll\u00e8ge des amis de la M\u00e9diation Professionnelle\"}]},{\"@type\":\"WebSite\",\"@id\":\"https:\\\/\\\/www.cpmn.info\\\/boutique\\\/#website\",\"url\":\"https:\\\/\\\/www.cpmn.info\\\/boutique\\\/\",\"name\":\"La boutique CPMN\",\"description\":\"La boutique des m\u00e9diateurs professionnels\",\"publisher\":{\"@id\":\"https:\\\/\\\/www.cpmn.info\\\/boutique\\\/#organization\"},\"potentialAction\":[{\"@type\":\"SearchAction\",\"target\":{\"@type\":\"EntryPoint\",\"urlTemplate\":\"https:\\\/\\\/www.cpmn.info\\\/boutique\\\/?s={search_term_string}\"},\"query-input\":{\"@type\":\"PropertyValueSpecification\",\"valueRequired\":true,\"valueName\":\"search_term_string\"}}],\"inLanguage\":\"fr-FR\"},{\"@type\":\"Organization\",\"@id\":\"https:\\\/\\\/www.cpmn.info\\\/boutique\\\/#organization\",\"name\":\"La boutique CPMN\",\"url\":\"https:\\\/\\\/www.cpmn.info\\\/boutique\\\/\",\"logo\":{\"@type\":\"ImageObject\",\"inLanguage\":\"fr-FR\",\"@id\":\"https:\\\/\\\/www.cpmn.info\\\/boutique\\\/#\\\/schema\\\/logo\\\/image\\\/\",\"url\":\"https:\\\/\\\/www.cpmn.info\\\/boutique\\\/wp-content\\\/uploads\\\/2023\\\/11\\\/cropped-cropped-Logo-site-CPMN-boutique.png\",\"contentUrl\":\"https:\\\/\\\/www.cpmn.info\\\/boutique\\\/wp-content\\\/uploads\\\/2023\\\/11\\\/cropped-cropped-Logo-site-CPMN-boutique.png\",\"width\":354,\"height\":219,\"caption\":\"La boutique CPMN\"},\"image\":{\"@id\":\"https:\\\/\\\/www.cpmn.info\\\/boutique\\\/#\\\/schema\\\/logo\\\/image\\\/\"}}]}<\/script>\n<!-- \/ Yoast SEO plugin. -->","yoast_head_json":{"title":"Coll\u00e8ge des amis de la M\u00e9diation Professionnelle - La boutique CPMN","robots":{"index":"index","follow":"follow","max-snippet":"max-snippet:-1","max-image-preview":"max-image-preview:large","max-video-preview":"max-video-preview:-1"},"canonical":"https:\/\/www.cpmn.info\/boutique\/produit\/a-partir-de-10-e\/","og_locale":"fr_FR","og_type":"article","og_title":"Coll\u00e8ge des amis de la M\u00e9diation Professionnelle - La boutique CPMN","og_description":"LES AMIS DE LA M\u00c9DIATION Le coll\u00e8ge de ceux qui soutiennent la CPMN Parce qu\u2019adh\u00e9rer au projet de l\u2019entente et le soutenir peut concerner tout un chacun au-del\u00e0 des m\u00e9diateurs professionnels, la CPMN a d\u00e9cid\u00e9 de cr\u00e9er le Coll\u00e8ge des Amis de la M\u00e9diation. Ce coll\u00e8ge a pour but d\u2019accueillir des personnes physiques ou morales [&hellip;]","og_url":"https:\/\/www.cpmn.info\/boutique\/produit\/a-partir-de-10-e\/","og_site_name":"La boutique CPMN","article_modified_time":"2024-11-27T07:00:59+00:00","og_image":[{"width":1024,"height":1018,"url":"https:\/\/www.cpmn.info\/boutique\/wp-content\/uploads\/2022\/09\/Page-web-CPMN-23-1024x1018.png","type":"image\/png"}],"twitter_misc":{"Dur\u00e9e de lecture estim\u00e9e":"2 minutes"},"schema":{"@context":"https:\/\/schema.org","@graph":[{"@type":"WebPage","@id":"https:\/\/www.cpmn.info\/boutique\/produit\/a-partir-de-10-e\/","url":"https:\/\/www.cpmn.info\/boutique\/produit\/a-partir-de-10-e\/","name":"Coll\u00e8ge des amis de la M\u00e9diation Professionnelle - La boutique CPMN","isPartOf":{"@id":"https:\/\/www.cpmn.info\/boutique\/#website"},"primaryImageOfPage":{"@id":"https:\/\/www.cpmn.info\/boutique\/produit\/a-partir-de-10-e\/#primaryimage"},"image":{"@id":"https:\/\/www.cpmn.info\/boutique\/produit\/a-partir-de-10-e\/#primaryimage"},"thumbnailUrl":"https:\/\/www.cpmn.info\/boutique\/wp-content\/uploads\/2022\/09\/Page-web-CPMN-23.png","datePublished":"2022-09-04T15:53:08+00:00","dateModified":"2024-11-27T07:00:59+00:00","breadcrumb":{"@id":"https:\/\/www.cpmn.info\/boutique\/produit\/a-partir-de-10-e\/#breadcrumb"},"inLanguage":"fr-FR","potentialAction":[{"@type":"ReadAction","target":["https:\/\/www.cpmn.info\/boutique\/produit\/a-partir-de-10-e\/"]}]},{"@type":"ImageObject","inLanguage":"fr-FR","@id":"https:\/\/www.cpmn.info\/boutique\/produit\/a-partir-de-10-e\/#primaryimage","url":"https:\/\/www.cpmn.info\/boutique\/wp-content\/uploads\/2022\/09\/Page-web-CPMN-23.png","contentUrl":"https:\/\/www.cpmn.info\/boutique\/wp-content\/uploads\/2022\/09\/Page-web-CPMN-23.png","width":1087,"height":1081},{"@type":"BreadcrumbList","@id":"https:\/\/www.cpmn.info\/boutique\/produit\/a-partir-de-10-e\/#breadcrumb","itemListElement":[{"@type":"ListItem","position":1,"name":"Accueil","item":"https:\/\/www.cpmn.info\/boutique\/"},{"@type":"ListItem","position":2,"name":"Boutique","item":"https:\/\/www.cpmn.info\/boutique\/boutique\/"},{"@type":"ListItem","position":3,"name":"Coll\u00e8ge des amis de la M\u00e9diation Professionnelle"}]},{"@type":"WebSite","@id":"https:\/\/www.cpmn.info\/boutique\/#website","url":"https:\/\/www.cpmn.info\/boutique\/","name":"La boutique CPMN","description":"La boutique des m\u00e9diateurs professionnels","publisher":{"@id":"https:\/\/www.cpmn.info\/boutique\/#organization"},"potentialAction":[{"@type":"SearchAction","target":{"@type":"EntryPoint","urlTemplate":"https:\/\/www.cpmn.info\/boutique\/?s={search_term_string}"},"query-input":{"@type":"PropertyValueSpecification","valueRequired":true,"valueName":"search_term_string"}}],"inLanguage":"fr-FR"},{"@type":"Organization","@id":"https:\/\/www.cpmn.info\/boutique\/#organization","name":"La boutique CPMN","url":"https:\/\/www.cpmn.info\/boutique\/","logo":{"@type":"ImageObject","inLanguage":"fr-FR","@id":"https:\/\/www.cpmn.info\/boutique\/#\/schema\/logo\/image\/","url":"https:\/\/www.cpmn.info\/boutique\/wp-content\/uploads\/2023\/11\/cropped-cropped-Logo-site-CPMN-boutique.png","contentUrl":"https:\/\/www.cpmn.info\/boutique\/wp-content\/uploads\/2023\/11\/cropped-cropped-Logo-site-CPMN-boutique.png","width":354,"height":219,"caption":"La boutique CPMN"},"image":{"@id":"https:\/\/www.cpmn.info\/boutique\/#\/schema\/logo\/image\/"}}]}},"_links":{"self":[{"href":"https:\/\/www.cpmn.info\/boutique\/wp-json\/wp\/v2\/product\/4906","targetHints":{"allow":["GET"]}}],"collection":[{"href":"https:\/\/www.cpmn.info\/boutique\/wp-json\/wp\/v2\/product"}],"about":[{"href":"https:\/\/www.cpmn.info\/boutique\/wp-json\/wp\/v2\/types\/product"}],"replies":[{"embeddable":true,"href":"https:\/\/www.cpmn.info\/boutique\/wp-json\/wp\/v2\/comments?post=4906"}],"wp:featuredmedia":[{"embeddable":true,"href":"https:\/\/www.cpmn.info\/boutique\/wp-json\/wp\/v2\/media\/6375"}],"wp:attachment":[{"href":"https:\/\/www.cpmn.info\/boutique\/wp-json\/wp\/v2\/media?parent=4906"}],"wp:term":[{"taxonomy":"product_brand","embeddable":true,"href":"https:\/\/www.cpmn.info\/boutique\/wp-json\/wp\/v2\/product_brand?post=4906"},{"taxonomy":"product_cat","embeddable":true,"href":"https:\/\/www.cpmn.info\/boutique\/wp-json\/wp\/v2\/product_cat?post=4906"},{"taxonomy":"product_tag","embeddable":true,"href":"https:\/\/www.cpmn.info\/boutique\/wp-json\/wp\/v2\/product_tag?post=4906"}],"curies":[{"name":"wp","href":"https:\/\/api.w.org\/{rel}","templated":true}]}}